at is the thousands digit of 58563964?
3
What is the units digit of 90436893?
3
What is the ten millions digit of 11321478?
1
What is the hundred millions digit of 3502328389?
5
What is the hundred thousands digit of 125116941?
1
What is the thousands digit of 765100974?
0
What is the millions digit of 141575214?
1
What is the tens digit of 39116557?
5
What is the hundreds digit of 1616362419?
4
What is the ten millions digit of 90937781?
9
What is the millions digit of 460703521?
0
What is the hundreds digit of 34055527?
5
What is the millions digit of 126675683?
6
What is the ten millions digit of 2470737820?
7
What is the tens digit of 801455537?
3
What is the hundred millions digit of 242776787?
2
What is the ten thousands digit of 124481048?
8
What is the hundred millions digit of 1738509912?
7
What is the millions digit of 7849593?
7
What is the millions digit of 161497375?
1
What is the thousands digit of 2340072893?
2
What is the hundreds digit of 1532966806?
8
What is the millions digit of 917229296?
7
What is the hundreds digit of 7518380?
3
What is the hundred millions digit of 350842819?
3
What is the hundreds digit of 77526742?
7
What is the millions digit of 420157790?
0
What is the hundred millions digit of 482596759?
4
What is the thousands digit of 668167980?
7
What is the ten millions digit of 35171665?
3
What is the units digit of 155522709?
9
What is the ten thousands digit of 541862512?
6
What is the ten thousands digit of 264989176?
8
What is the millions digit of 41553674?
1
What is the hundred millions digit of 716570032?
7
What is the tens digit of 1758826127?
2
What is the thousands digit of 6581054?
1
What is the hundred thousands digit of 14408552?
4
What is the hundred thousands digit of 44249493?
2
What is the units digit of 4009354655?
5
What is the ten thousands digit of 48456182?
5
What is the thousands digit of 475623368?
3
What is the hundreds digit of 4648140326?
3
What is the hundred millions digit of 5315728548?
3
What is the millions digit of 45614176?
5
What is the hundred millions digit of 326748638?
3
What is the billions digit of 6433024496?
6
What is the tens digit of 866636024?
2
What is the tens digit of 1104145281?
8
What is the hundreds digit of 110626022?
0
What is the hundreds digit of 83461078?
0
What is the hundreds digit of 968313897?
8
What is the hundreds digit of 141511183?
1
What is the ten thousands digit of 3030035214?
3
What is the hundred thousands digit of 98636756?
6
What is the millions digit of 66241390?
6
What is the thousands digit of 500512320?
2
What is the tens digit of 33128614?
1
What is the thousands digit of 308000491?
0
What is the hundred thousands digit of 12781492?
7
What is the thousands digit of 33764058?
4
What is the hundred thousands digit of 1742822347?
8
What is the tens digit of 69814688?
8
What is the units digit of 1892687910?
0
What is the tens digit of 967209283?
8
What is the hundred millions digit of 314074245?
3
What is the tens digit of 167731488?
8
What is the billions digit of 3879944848?
3
What is the millions digit of 608846765?
8
What is the tens digit of 8677004?
0
What is the ten thousands digit of 1104962549?
6
What is the ten thousands digit of 3768713?
6
What is the ten thousands digit of 9636407844?
0
What is the tens digit of 68019664?
6
What is the millions digit of 7542901?
7
What is the millions digit of 563514899?
3
What is the hundred thousands digit of 997535514?
5
What is the millions digit of 3968130?
3
What is the billions digit of 4261327778?
4
What is the hundred thousands digit of 3125899888?
8
What is the hundreds digit of 685165604?
6
What is the tens digit of 106999993?
9
What is the tens digit of 1628904356?
5
What is the millions digit of 8757136?
8
What is the ten thousands digit of 5858488?
5
What is the ten millions digit of 112233753?
1
What is the hundred thousands digit of 99925614?
9
What is the ten thousands digit of 66180473?
8
What is the units digit of 1486435204?
4
What is the millions digit of 241519907?
1
What is the hundred millions digit of 270349254?
2
What is the billions digit of 1133195998?
1
What is the billions digit of 1139892468?
1
What is the hundreds digit of 33041188?
1
What is the tens digit of 1796544853?
5
What is the hundred millions digit of 6176256685?
1
What is the hundred millions digit of 1843031995?
8
What is the hundred thousands digit of 540348315?
3
What is the ten thousands digit of 3406757277?
5
What is the units digit of 164771832?
2
What is the hundreds digit of 53012583?
5
What is the hundred thousands digit of 8027927662?
9
What is the ten thousands digit of 1587572937?
7
What is the millions digit of 64028052?
4
What is the hundred millions digit of 4266499898?
2
What is the millions digit of 667045261?
7
What is the millions digit of 4455709716?
5
What is the thousands digit of 2635933768?
3
What is the tens digit of 50613824?
2
What is the ten millions digit of 4220116869?
2
What is the tens digit of 38846618?
1
What is the tens digit of 1099649823?
2
What is the hundreds digit of 672869931?
9
What is the hundreds digit of 589305743?
7
What is the thousands digit of 6719449560?
9
What is the hundreds digit of 167075679?
6
What is the hundred millions digit of 822346252?
8
What is the millions digit of 23228705?
3
What is the hundred thousands digit of 4381991135?
9
What is the ten thousands digit of 503206518?
0
What is the millions digit of 60720800?
0
What is the tens digit of 71192824?
2
What is the hundred thousands digit of 3030030056?
0
What is the ten thousands digit of 187544206?
4
What is the ten thousands digit of 1412400975?
0
What is the ten millions digit of 28187851?
2
What is the millions digit of 24617477?
4
What is the hundreds digit of 156686165?
1
What is the tens digit of 248224064?
6
What is the hundreds digit of 2598945358?
3
What is the ten thousands digit of 208467827?
6
What is the millions digit of 106115321?
6
What is the thousands digit of 5475886?
5
What is the hundreds digit of 37653026?
0
What is the ten thousands digit of 1087684203?
8
What is the thousands digit of 21783740?
3
What is the ten thousands digit of 945519987?
1
What is the billions digit of 2147976787?
2
What is the millions digit of 27140798?
7
What is the ten millions digit of 60025654?
6
What is the ten thousands digit of 13372676?
7
What is the thousands digit of 132005410?
5
What is the millions digit of 23705333?
3
What is the millions digit of 38547037?
8
What is the thousands digit of 642767007?
7
What is the ten thousands digit of 2775811003?
1
What is the ten thousands digit of 623668247?
6
What is the hundreds digit of 4516937?
9
What is the units digit of 39697887?
7
What is the millions digit of 6711991898?
1
What is the units digit of 7344739875?
5
What is the tens digit of 425694663?
6
What is the billions digit of 6516505937?
6
What is the ten millions digit of 91324831?
9
What is the thousands digit of 153041733?
1
What is the thousands digit of 217351168?
1
What is the billions digit of 2428521036?
2
What is the units digit of 7495600975?
5
What is the units digit of 196628354?
4
What is the millions digit of 12760942?
2
What is the ten thousands digit of 225471647?
7
What is the hundred thousands digit of 742913324?
9
What is the ten millions digit of 32585287?
3
What is the millions digit of 1720911348?
0
What is the hundred thousands digit of 445640702?
6
What is the ten thousands digit of 3335833014?
3
What is the units digit of 5811654058?
8
What is the ten millions digit of 361626556?
6
What is the hundreds digit of 1143590778?
7
What is the hundred thousands digit of 74684763?
6
What is the tens digit of 90153893?
9
What is the billions digit of 2306838239?
2
What is the hundred thousands digit of 254574625?
5
What is the millions digit of 351017496?
1
What is the thousands digit of 850535544?
5
What is the hundred millions digit of 358912704?
3
What is the hundred thousands digit of 1736306071?
3
What is the hundred thousands digit of 610316341?
3
What is the hundred thousands digit of 379675161?
6
What is the thousands digit of 97416544?
6
What is the hundreds digit of 841707905?
9
What is the hundred thousands digit of 417975830?
9
What is the ten